nd 1099427.
7
Calculate the greatest common divisor of 50187015 and 18.
9
What is the greatest common factor of 6414 and 303680451?
3207
What is the highest common factor of 12467619 and 369?
9
Calculate the greatest common divisor of 11882228 and 2697.
29
Calculate the highest common divisor of 3845 and 697517605.
3845
What is the greatest common factor of 4424 and 197960?
56
Calculate the greatest common divisor of 148876508 and 308.
44
What is the greatest common divisor of 4188742 and 4105?
821
What is the greatest common divisor of 33416 and 50?
2
What is the highest common factor of 6 and 9535209?
3
What is the greatest common divisor of 176149893 and 1311?
1311
Calculate the greatest common factor of 1400 and 406544.
8
Calculate the highest common factor of 693144934 and 7967.
7967
What is the greatest common factor of 110 and 62519446?
22
Calculate the highest common divisor of 84 and 17907988.
28
Calculate the highest common divisor of 47 and 51647877.
47
What is the greatest common factor of 538164 and 4954914?
2718
What is the greatest common divisor of 656 and 642896?
16
Calculate the greatest common factor of 14565 and 13365.
15
What is the highest common factor of 1437269 and 13456?
841
Calculate the greatest common factor of 3906 and 2423825334.
3906
What is the greatest common divisor of 6317861 and 7044763?
7733
Calculate the greatest common factor of 29064 and 70392.
168
Calculate the greatest common divisor of 1128 and 81654040.
376
Calculate the highest common factor of 2196114 and 12.
6
What is the greatest common factor of 2945 and 70825483?
589
Calculate the highest common factor of 6103 and 2903233.
359
What is the greatest common divisor of 101 and 355602517?
101
Calculate the greatest common divisor of 312575 and 11425.
25
What is the highest common factor of 1717 and 1470653?
17
Calculate the highest common divisor of 15065571 and 4008.
501
Calculate the greatest common factor of 450789190 and 92.
46
Calculate the greatest common divisor of 26568014 and 132.
22
What is the greatest common divisor of 11 and 1442100?
11
What is the highest common factor of 88 and 23274812?
44
Calculate the greatest common factor of 279696 and 1074.
6
Calculate the highest common factor of 1914 and 174378.
6
Calculate the greatest common factor of 24250156 and 988.
76
What is the greatest common factor of 19730 and 26895936?
3946
Calculate the highest common factor of 89 and 236101603.
89
Calculate the greatest common divisor of 1080 and 41032008.
216
What is the highest common divisor of 7058709 and 1064?
133
What is the greatest common divisor of 30 and 72663?
3
What is the highest common factor of 3648 and 77722464?
1824
What is the highest common divisor of 116 and 10506439?
29
Calculate the highest common divisor of 25 and 1370273925.
25
Calculate the highest common factor of 331729 and 79120.
23
What is the highest common factor of 1001600435 and 6325?
1265
What is the greatest common divisor of 8367 and 36257?
2789
What is the highest common factor of 90 and 6164388?
18
Calculate the greatest common factor of 30872 and 446736.
1816
Calculate the highest common divisor of 6 and 115955526.
6
Calculate the highest common divisor of 707 and 602061.
101
Calculate the highest common divisor of 9746 and 80155977.
4873
What is the highest common factor of 588 and 256176?
12
Calculate the highest common divisor of 16789580 and 21980.
3140
Calculate the greatest common factor of 551029 and 27028.
29
What is the highest common divisor of 68 and 21172310?
34
What is the highest common divisor of 17619 and 6224541?
2517
Calculate the greatest common factor of 10927378 and 418.
22
What is the highest common divisor of 2418 and 62348533?
403
Calculate the greatest common factor of 468817855 and 14610.
2435
Calculate the highest common factor of 48 and 187311664.
16
Calculate the highest common factor of 385056 and 6168.
24
Calculate the highest common factor of 26199 and 555504.
213
Calculate the greatest common divisor of 804 and 343849896.
804
Calculate the greatest common factor of 4969576 and 306.
34
What is the greatest common factor of 5216469 and 1489011?
9861
Calculate the greatest common divisor of 2400 and 360524800.
800
Calculate the greatest common divisor of 3160 and 145660.
20
Calculate the greatest common factor of 10 and 33781175.
5
Calculate the highest common factor of 312571232 and 17728.
8864
What is the greatest common divisor of 41840 and 13320810?
5230
What is the highest common divisor of 1790 and 127431890?
1790
What is the highest common divisor of 39 and 791584846?
13
Calculate the highest common divisor of 820255851 and 27.
9
Calculate the greatest common factor of 533 and 939523.
13
Calculate the highest common factor of 156141512 and 14856.
4952
What is the greatest common divisor of 357719 and 136806?
151
What is the highest common divisor of 5040385 and 147?
49
What is the highest common divisor of 2236 and 34052732?
172
What is the greatest common divisor of 140 and 16678060?
140
What is the highest common factor of 33683700 and 300?
300
Calculate the greatest common factor of 5908608 and 66900.
2676
What is the highest common divisor of 12692997 and 11864?
1483
Calculate the highest common divisor of 674 and 16857751.
337
What is the greatest common divisor of 4597548 and 1860?
372
Calculate the greatest common divisor of 90990180 and 360.
180
What is the highest common factor of 5848504 and 190?
38
Calculate the highest common factor of 1762138 and 3773.
49
Calculate the highest common divisor of 6 and 2495199.
3
Calculate the highest common factor of 14214961 and 16177.
2311
Calculate the greatest common factor of 8844 and 19805133.
201
What is the highest common divisor of 824754 and 335727?
1533
Calculate the greatest common factor of 100 and 8531060.
20
Calculate the highest common factor of 23270 and 108803539.
2327
Calculate the greatest common divisor of 995 and 73823030.
995
Calculate the greatest common factor of 43 and 613510.
1
What is the greatest common factor of 5425 and 29022200?
775
What is the highest common factor of 22922143 and 2589?
863
What is the highest common divisor of 3212 and 71067106?
1606
Calculate the highest common factor of 4268407 and 1556841.
2717
What is the greatest common divisor of 39795 and 211155?
105
What is the greatest common factor of 38 and 2355113897?
19
What is the highest common divisor of 3360 and 1462272?
672
What is the highest common factor of 3483956 and 1028?
4
What is the greatest common divisor of 37938906 and 756?
18
What is the highest common factor of 2937871 and 660741?
3733
What is the greatest common divisor of 1983685 and 44?
11
What is the highest common factor of 3985924 and 2716?
388
Calculate the highest common factor of 19106244 and 25578.
522
Calculate the highest common factor of 19197075 and 3.
3
Calculate the greatest common divisor of 1080 and 16981560.
360
Calculate the highest common divisor of 24 and 10618328.
8
What is the greatest common factor of 8 and 2388472?
8
What is the greatest common factor of 27 and 8747008?
1
What is the greatest common factor of 171320 and 25?
5
Calculate the greatest common factor of 6596101 and 3703.
529
What is the highest common factor of 9270 and 2184750?
90
Calculate the greatest common divisor of 492 and 5235249.
123
Calculate the highest common factor of 8416 and 3664.
16
What is the highest common divisor of 3288493516 and 19096?
9548
What is the highest common factor of 9925050 and 1200?
150
What is the highest common divisor of 114659280 and 1350?
270
What is the highest common factor of 74373810 and 136?
34
What is the highest common divisor of 4706 and 1094869?
181
What is the highest common factor of 355593 and 434805?
861
Calculate the greatest common divisor of 28442888 and 8.
8
What is the greatest common factor of 276 and 6004?
4
Calculate the highest common divisor of 602473 and 1935.
43
Calculate the highest common divisor of 174054026 and 62.
62
What is the highest common divisor of 47351631 and 159?
159
Calculate the highest common factor of 54016 and 37558.
422
Calculate the greatest common divisor of 113452 and 318268.
1004
What is the greatest common factor of 1653 and 317965